{"id":94,"date":"2022-12-12T22:45:59","date_gmt":"2022-12-12T19:45:59","guid":{"rendered":"https:\/\/www.egeeldiven.com\/?page_id=94"},"modified":"2022-12-12T23:04:25","modified_gmt":"2022-12-12T20:04:25","slug":"e2-polyester-orgu-kalite-kontrol-is-eldiveni","status":"publish","type":"page","link":"https:\/\/www.egeeldiven.com\/?page_id=94","title":{"rendered":"E2 \u2013 Polyester \u00d6rg\u00fc Kalite Kontrol \u0130\u015f Eldiveni"},"content":{"rendered":"\n<figure class=\"wp-block-image size-full is-resized\"><img decoding=\"async\" loading=\"lazy\" src=\"https:\/\/www.egeeldiven.com\/wp-content\/uploads\/2022\/12\/E2-\u2013-Polyester-Orgu-Kalite-Kontrol-Is-Eldiveni.png\" alt=\"\" class=\"wp-image-114\" width=\"548\" height=\"545\" srcset=\"https:\/\/www.egeeldiven.com\/wp-content\/uploads\/2022\/12\/E2-\u2013-Polyester-Orgu-Kalite-Kontrol-Is-Eldiveni.png 863w, https:\/\/www.egeeldiven.com\/wp-content\/uploads\/2022\/12\/E2-\u2013-Polyester-Orgu-Kalite-Kontrol-Is-Eldiveni-300x298.png 300w, https:\/\/www.egeeldiven.com\/wp-content\/uploads\/2022\/12\/E2-\u2013-Polyester-Orgu-Kalite-Kontrol-Is-Eldiveni-150x150.png 150w, https:\/\/www.egeeldiven.com\/wp-content\/uploads\/2022\/12\/E2-\u2013-Polyester-Orgu-Kalite-Kontrol-Is-Eldiveni-768x764.png 768w\" sizes=\"(max-width: 548px) 100vw, 548px\" \/><figcaption class=\"wp-element-caption\"><strong>Teknik Nitelikler;<\/strong><br>&#8211;\u00a0\u00a0\u00a0\u00a0\u00a0\u00a0 Hassas \u00e7al\u0131\u015fmalarda kullan\u0131lmak \u00fczere tasarlanm\u0131\u015ft\u0131r.<br>&#8211;\u00a0\u00a0\u00a0\u00a0\u00a0\u00a0 \u00c7apak ve p\u00fcr\u00fcz tespitinde kolayl\u0131k ve hassasiyet sa\u011flar.<br>&#8211;\u00a0\u00a0\u00a0\u00a0\u00a0\u00a0 \u0130nce, elastik \u00f6rg\u00fcs\u00fc sayesinde eli tam olarak kavrar, \u00fcst d\u00fczeyde hassasiyet sa\u011flar.<br><strong>\u00a0<\/strong><br><strong>Genel Nitelikler;<\/strong><br>&#8211;\u00a0\u00a0\u00a0\u00a0\u00a0\u00a0 Diki\u015fsizdir, diki\u015fli eldivenlere g\u00f6re daha konforlu ve daha uzun \u00f6m\u00fcrl\u00fcd\u00fcr.<br>&#8211;\u00a0\u00a0\u00a0\u00a0\u00a0\u00a0 \u00d6rme yap\u0131s\u0131 sayesinde hava dola\u015f\u0131m\u0131na izin verir, terlemeyi \u00f6nleyerek konfor ve hijyen sa\u011flar.<br>&#8211;\u00a0\u00a0\u00a0\u00a0\u00a0\u00a0 \u00c7ift olarak sat\u0131l\u0131r.<br><strong>\u00a0<\/strong><br><strong>Kullan\u0131ld\u0131\u011f\u0131 Sekt\u00f6rler;<\/strong><br><strong>\u00a0<\/strong><br>&#8211;\u00a0\u00a0\u00a0\u00a0\u00a0\u00a0 Otomativ<br>&#8211;\u00a0\u00a0\u00a0\u00a0\u00a0\u00a0 Makine \u00dcretim<br>&#8211;\u00a0\u00a0\u00a0\u00a0\u00a0\u00a0 Beyaz E\u015fya \u00dcretim<br>&#8211;\u00a0\u00a0\u00a0\u00a0\u00a0\u00a0 Lojistik<\/figcaption><\/figure>\n","protected":false},"excerpt":{"rendered":"","protected":false},"author":1,"featured_media":0,"parent":0,"menu_order":0,"comment_status":"closed","ping_status":"closed","template":"","meta":[],"yoast_head":"<!-- This site is optimized with the Yoast SEO plugin v19.11 - https:\/\/yoast.com\/wordpress\/plugins\/seo\/ -->\n<title>E2 \u2013 Polyester \u00d6rg\u00fc Kalite Kontrol \u0130\u015f Eldiveni - EGE ELD\u0130VEN<\/title>\n<meta name=\"robots\" content=\"index, follow, max-snippet:-1, max-image-preview:large, max-video-preview:-1\" \/>\n<link rel=\"canonical\" href=\"https:\/\/www.egeeldiven.com\/?page_id=94\" \/>\n<meta property=\"og:locale\" content=\"tr_TR\" \/>\n<meta property=\"og:type\" content=\"article\" \/>\n<meta property=\"og:title\" content=\"E2 \u2013 Polyester \u00d6rg\u00fc Kalite Kontrol \u0130\u015f Eldiveni - EGE ELD\u0130VEN\" \/>\n<meta property=\"og:url\" content=\"https:\/\/www.egeeldiven.com\/?page_id=94\" \/>\n<meta property=\"og:site_name\" content=\"EGE ELD\u0130VEN\" \/>\n<meta property=\"article:modified_time\" content=\"2022-12-12T20:04:25+00:00\" \/>\n<meta name=\"twitter:card\" content=\"summary_large_image\" \/>\n<script type=\"application\/ld+json\" class=\"yoast-schema-graph\">{\"@context\":\"https:\/\/schema.org\",\"@graph\":[{\"@type\":\"WebPage\",\"@id\":\"https:\/\/www.egeeldiven.com\/?page_id=94\",\"url\":\"https:\/\/www.egeeldiven.com\/?page_id=94\",\"name\":\"E2 \u2013 Polyester \u00d6rg\u00fc Kalite Kontrol \u0130\u015f Eldiveni - EGE ELD\u0130VEN\",\"isPartOf\":{\"@id\":\"https:\/\/www.egeeldiven.com\/#website\"},\"datePublished\":\"2022-12-12T19:45:59+00:00\",\"dateModified\":\"2022-12-12T20:04:25+00:00\",\"breadcrumb\":{\"@id\":\"https:\/\/www.egeeldiven.com\/?page_id=94#breadcrumb\"},\"inLanguage\":\"tr\",\"potentialAction\":[{\"@type\":\"ReadAction\",\"target\":[\"https:\/\/www.egeeldiven.com\/?page_id=94\"]}]},{\"@type\":\"BreadcrumbList\",\"@id\":\"https:\/\/www.egeeldiven.com\/?page_id=94#breadcrumb\",\"itemListElement\":[{\"@type\":\"ListItem\",\"position\":1,\"name\":\"Anasayfa\",\"item\":\"https:\/\/www.egeeldiven.com\/\"},{\"@type\":\"ListItem\",\"position\":2,\"name\":\"E2 \u2013 Polyester \u00d6rg\u00fc Kalite Kontrol \u0130\u015f Eldiveni\"}]},{\"@type\":\"WebSite\",\"@id\":\"https:\/\/www.egeeldiven.com\/#website\",\"url\":\"https:\/\/www.egeeldiven.com\/\",\"name\":\"EGE ELD\u0130VEN\",\"description\":\"\",\"potentialAction\":[{\"@type\":\"SearchAction\",\"target\":{\"@type\":\"EntryPoint\",\"urlTemplate\":\"https:\/\/www.egeeldiven.com\/?s={search_term_string}\"},\"query-input\":\"required name=search_term_string\"}],\"inLanguage\":\"tr\"}]}<\/script>\n<!-- \/ Yoast SEO plugin. -->","yoast_head_json":{"title":"E2 \u2013 Polyester \u00d6rg\u00fc Kalite Kontrol \u0130\u015f Eldiveni - EGE ELD\u0130VEN","robots":{"index":"index","follow":"follow","max-snippet":"max-snippet:-1","max-image-preview":"max-image-preview:large","max-video-preview":"max-video-preview:-1"},"canonical":"https:\/\/www.egeeldiven.com\/?page_id=94","og_locale":"tr_TR","og_type":"article","og_title":"E2 \u2013 Polyester \u00d6rg\u00fc Kalite Kontrol \u0130\u015f Eldiveni - EGE ELD\u0130VEN","og_url":"https:\/\/www.egeeldiven.com\/?page_id=94","og_site_name":"EGE ELD\u0130VEN","article_modified_time":"2022-12-12T20:04:25+00:00","twitter_card":"summary_large_image","schema":{"@context":"https:\/\/schema.org","@graph":[{"@type":"WebPage","@id":"https:\/\/www.egeeldiven.com\/?page_id=94","url":"https:\/\/www.egeeldiven.com\/?page_id=94","name":"E2 \u2013 Polyester \u00d6rg\u00fc Kalite Kontrol \u0130\u015f Eldiveni - EGE ELD\u0130VEN","isPartOf":{"@id":"https:\/\/www.egeeldiven.com\/#website"},"datePublished":"2022-12-12T19:45:59+00:00","dateModified":"2022-12-12T20:04:25+00:00","breadcrumb":{"@id":"https:\/\/www.egeeldiven.com\/?page_id=94#breadcrumb"},"inLanguage":"tr","potentialAction":[{"@type":"ReadAction","target":["https:\/\/www.egeeldiven.com\/?page_id=94"]}]},{"@type":"BreadcrumbList","@id":"https:\/\/www.egeeldiven.com\/?page_id=94#breadcrumb","itemListElement":[{"@type":"ListItem","position":1,"name":"Anasayfa","item":"https:\/\/www.egeeldiven.com\/"},{"@type":"ListItem","position":2,"name":"E2 \u2013 Polyester \u00d6rg\u00fc Kalite Kontrol \u0130\u015f Eldiveni"}]},{"@type":"WebSite","@id":"https:\/\/www.egeeldiven.com\/#website","url":"https:\/\/www.egeeldiven.com\/","name":"EGE ELD\u0130VEN","description":"","potentialAction":[{"@type":"SearchAction","target":{"@type":"EntryPoint","urlTemplate":"https:\/\/www.egeeldiven.com\/?s={search_term_string}"},"query-input":"required name=search_term_string"}],"inLanguage":"tr"}]}},"_links":{"self":[{"href":"https:\/\/www.egeeldiven.com\/index.php?rest_route=\/wp\/v2\/pages\/94"}],"collection":[{"href":"https:\/\/www.egeeldiven.com\/index.php?rest_route=\/wp\/v2\/pages"}],"about":[{"href":"https:\/\/www.egeeldiven.com\/index.php?rest_route=\/wp\/v2\/types\/page"}],"author":[{"embeddable":true,"href":"https:\/\/www.egeeldiven.com\/index.php?rest_route=\/wp\/v2\/users\/1"}],"replies":[{"embeddable":true,"href":"https:\/\/www.egeeldiven.com\/index.php?rest_route=%2Fwp%2Fv2%2Fcomments&post=94"}],"version-history":[{"count":3,"href":"https:\/\/www.egeeldiven.com\/index.php?rest_route=\/wp\/v2\/pages\/94\/revisions"}],"predecessor-version":[{"id":115,"href":"https:\/\/www.egeeldiven.com\/index.php?rest_route=\/wp\/v2\/pages\/94\/revisions\/115"}],"wp:attachment":[{"href":"https:\/\/www.egeeldiven.com\/index.php?rest_route=%2Fwp%2Fv2%2Fmedia&parent=94"}],"curies":[{"name":"wp","href":"https:\/\/api.w.org\/{rel}","templated":true}]}}