{"id":69,"date":"2022-12-12T22:30:27","date_gmt":"2022-12-12T19:30:27","guid":{"rendered":"https:\/\/www.egeeldiven.com\/?page_id=69"},"modified":"2023-03-03T15:09:12","modified_gmt":"2023-03-03T12:09:12","slug":"iletisim","status":"publish","type":"page","link":"https:\/\/www.egeeldiven.com\/?page_id=69","title":{"rendered":"\u0130leti\u015fim"},"content":{"rendered":"\n<ul>\n<li>G\u00fclbah\u00e7e, 4. Vardar Sk., 16240 Osmangazi\/Bursa<\/li>\n\n\n\n<li><a href=\"https:\/\/www.google.com\/search?q=ege+eldiven&amp;rlz=1C1OKWM_trTR942TR942&amp;oq=ege+eldiven&amp;aqs=chrome.0.35i39j46i175i199i512j0i10i22i30j69i60l2.2375j0j7&amp;sourceid=chrome&amp;ie=UTF-8#\">(0224) 253 57 58<\/a><\/li>\n\n\n\n<li>0532 274 41 11<\/li>\n\n\n\n<li>ercan@egeeldiven.com<\/li>\n<\/ul>\n\n\n\n<iframe src=\"https:\/\/www.google.com\/maps\/embed?pb=!1m14!1m8!1m3!1d269.365910888557!2d29.072681969073457!3d40.19732993771975!3m2!1i1024!2i768!4f13.1!3m3!1m2!1s0x0%3A0x88b7d311929bfb69!2sEge%20Eldiven!5e0!3m2!1str!2str!4v1670876496636!5m2!1str!2str\" width=\"600\" height=\"450\" style=\"border:0;\" allowfullscreen=\"\" loading=\"lazy\" referrerpolicy=\"no-referrer-when-downgrade\"><\/iframe>\n","protected":false},"excerpt":{"rendered":"","protected":false},"author":1,"featured_media":0,"parent":0,"menu_order":0,"comment_status":"closed","ping_status":"closed","template":"","meta":[],"yoast_head":"<!-- This site is optimized with the Yoast SEO plugin v19.11 - https:\/\/yoast.com\/wordpress\/plugins\/seo\/ -->\n<title>\u0130leti\u015fim - EGE ELD\u0130VEN<\/title>\n<meta name=\"robots\" content=\"index, follow, max-snippet:-1, max-image-preview:large, max-video-preview:-1\" \/>\n<link rel=\"canonical\" href=\"https:\/\/www.egeeldiven.com\/?page_id=69\" \/>\n<meta property=\"og:locale\" content=\"tr_TR\" \/>\n<meta property=\"og:type\" content=\"article\" \/>\n<meta property=\"og:title\" content=\"\u0130leti\u015fim - EGE ELD\u0130VEN\" \/>\n<meta property=\"og:url\" content=\"https:\/\/www.egeeldiven.com\/?page_id=69\" \/>\n<meta property=\"og:site_name\" content=\"EGE ELD\u0130VEN\" \/>\n<meta property=\"article:modified_time\" content=\"2023-03-03T12:09:12+00:00\" \/>\n<meta name=\"twitter:card\" content=\"summary_large_image\" \/>\n<meta name=\"twitter:label1\" content=\"Tahmini okuma s\u00fcresi\" \/>\n\t<meta name=\"twitter:data1\" content=\"1 dakika\" \/>\n<script type=\"application\/ld+json\" class=\"yoast-schema-graph\">{\"@context\":\"https:\/\/schema.org\",\"@graph\":[{\"@type\":\"WebPage\",\"@id\":\"https:\/\/www.egeeldiven.com\/?page_id=69\",\"url\":\"https:\/\/www.egeeldiven.com\/?page_id=69\",\"name\":\"\u0130leti\u015fim - EGE ELD\u0130VEN\",\"isPartOf\":{\"@id\":\"https:\/\/www.egeeldiven.com\/#website\"},\"datePublished\":\"2022-12-12T19:30:27+00:00\",\"dateModified\":\"2023-03-03T12:09:12+00:00\",\"breadcrumb\":{\"@id\":\"https:\/\/www.egeeldiven.com\/?page_id=69#breadcrumb\"},\"inLanguage\":\"tr\",\"potentialAction\":[{\"@type\":\"ReadAction\",\"target\":[\"https:\/\/www.egeeldiven.com\/?page_id=69\"]}]},{\"@type\":\"BreadcrumbList\",\"@id\":\"https:\/\/www.egeeldiven.com\/?page_id=69#breadcrumb\",\"itemListElement\":[{\"@type\":\"ListItem\",\"position\":1,\"name\":\"Anasayfa\",\"item\":\"https:\/\/www.egeeldiven.com\/\"},{\"@type\":\"ListItem\",\"position\":2,\"name\":\"\u0130leti\u015fim\"}]},{\"@type\":\"WebSite\",\"@id\":\"https:\/\/www.egeeldiven.com\/#website\",\"url\":\"https:\/\/www.egeeldiven.com\/\",\"name\":\"EGE ELD\u0130VEN\",\"description\":\"\",\"potentialAction\":[{\"@type\":\"SearchAction\",\"target\":{\"@type\":\"EntryPoint\",\"urlTemplate\":\"https:\/\/www.egeeldiven.com\/?s={search_term_string}\"},\"query-input\":\"required name=search_term_string\"}],\"inLanguage\":\"tr\"}]}<\/script>\n<!-- \/ Yoast SEO plugin. -->","yoast_head_json":{"title":"\u0130leti\u015fim - EGE ELD\u0130VEN","robots":{"index":"index","follow":"follow","max-snippet":"max-snippet:-1","max-image-preview":"max-image-preview:large","max-video-preview":"max-video-preview:-1"},"canonical":"https:\/\/www.egeeldiven.com\/?page_id=69","og_locale":"tr_TR","og_type":"article","og_title":"\u0130leti\u015fim - EGE ELD\u0130VEN","og_url":"https:\/\/www.egeeldiven.com\/?page_id=69","og_site_name":"EGE ELD\u0130VEN","article_modified_time":"2023-03-03T12:09:12+00:00","twitter_card":"summary_large_image","twitter_misc":{"Tahmini okuma s\u00fcresi":"1 dakika"},"schema":{"@context":"https:\/\/schema.org","@graph":[{"@type":"WebPage","@id":"https:\/\/www.egeeldiven.com\/?page_id=69","url":"https:\/\/www.egeeldiven.com\/?page_id=69","name":"\u0130leti\u015fim - EGE ELD\u0130VEN","isPartOf":{"@id":"https:\/\/www.egeeldiven.com\/#website"},"datePublished":"2022-12-12T19:30:27+00:00","dateModified":"2023-03-03T12:09:12+00:00","breadcrumb":{"@id":"https:\/\/www.egeeldiven.com\/?page_id=69#breadcrumb"},"inLanguage":"tr","potentialAction":[{"@type":"ReadAction","target":["https:\/\/www.egeeldiven.com\/?page_id=69"]}]},{"@type":"BreadcrumbList","@id":"https:\/\/www.egeeldiven.com\/?page_id=69#breadcrumb","itemListElement":[{"@type":"ListItem","position":1,"name":"Anasayfa","item":"https:\/\/www.egeeldiven.com\/"},{"@type":"ListItem","position":2,"name":"\u0130leti\u015fim"}]},{"@type":"WebSite","@id":"https:\/\/www.egeeldiven.com\/#website","url":"https:\/\/www.egeeldiven.com\/","name":"EGE ELD\u0130VEN","description":"","potentialAction":[{"@type":"SearchAction","target":{"@type":"EntryPoint","urlTemplate":"https:\/\/www.egeeldiven.com\/?s={search_term_string}"},"query-input":"required name=search_term_string"}],"inLanguage":"tr"}]}},"_links":{"self":[{"href":"https:\/\/www.egeeldiven.com\/index.php?rest_route=\/wp\/v2\/pages\/69"}],"collection":[{"href":"https:\/\/www.egeeldiven.com\/index.php?rest_route=\/wp\/v2\/pages"}],"about":[{"href":"https:\/\/www.egeeldiven.com\/index.php?rest_route=\/wp\/v2\/types\/page"}],"author":[{"embeddable":true,"href":"https:\/\/www.egeeldiven.com\/index.php?rest_route=\/wp\/v2\/users\/1"}],"replies":[{"embeddable":true,"href":"https:\/\/www.egeeldiven.com\/index.php?rest_route=%2Fwp%2Fv2%2Fcomments&post=69"}],"version-history":[{"count":8,"href":"https:\/\/www.egeeldiven.com\/index.php?rest_route=\/wp\/v2\/pages\/69\/revisions"}],"predecessor-version":[{"id":147,"href":"https:\/\/www.egeeldiven.com\/index.php?rest_route=\/wp\/v2\/pages\/69\/revisions\/147"}],"wp:attachment":[{"href":"https:\/\/www.egeeldiven.com\/index.php?rest_route=%2Fwp%2Fv2%2Fmedia&parent=69"}],"curies":[{"name":"wp","href":"https:\/\/api.w.org\/{rel}","templated":true}]}}